{"id":5933,"date":"2025-04-10T13:19:48","date_gmt":"2025-04-10T11:19:48","guid":{"rendered":"https:\/\/levoyagecommenceici.com\/?page_id=5933"},"modified":"2025-12-13T11:39:24","modified_gmt":"2025-12-13T10:39:24","slug":"mentions-legales","status":"publish","type":"page","link":"https:\/\/levoyagecommenceici.com\/index.php\/mentions-legales\/","title":{"rendered":"mentions l\u00e9gales"},"content":{"rendered":"[vc_row type=\u00a0\u00bbin_container\u00a0\u00bb full_screen_row_position=\u00a0\u00bbmiddle\u00a0\u00bb column_margin=\u00a0\u00bbdefault\u00a0\u00bb column_direction=\u00a0\u00bbdefault\u00a0\u00bb column_direction_tablet=\u00a0\u00bbdefault\u00a0\u00bb column_direction_phone=\u00a0\u00bbdefault\u00a0\u00bb scene_position=\u00a0\u00bbcenter\u00a0\u00bb text_color=\u00a0\u00bbdark\u00a0\u00bb text_align=\u00a0\u00bbleft\u00a0\u00bb row_border_radius=\u00a0\u00bbnone\u00a0\u00bb row_border_radius_applies=\u00a0\u00bbbg\u00a0\u00bb overflow=\u00a0\u00bbvisible\u00a0\u00bb overlay_strength=\u00a0\u00bb0.3&Prime; gradient_direction=\u00a0\u00bbleft_to_right\u00a0\u00bb shape_divider_position=\u00a0\u00bbbottom\u00a0\u00bb bg_image_animation=\u00a0\u00bbnone\u00a0\u00bb][vc_column column_padding=\u00a0\u00bbno-extra-padding\u00a0\u00bb column_padding_tablet=\u00a0\u00bbinherit\u00a0\u00bb column_padding_phone=\u00a0\u00bbinherit\u00a0\u00bb column_padding_position=\u00a0\u00bball\u00a0\u00bb column_element_direction_desktop=\u00a0\u00bbdefault\u00a0\u00bb column_element_spacing=\u00a0\u00bbdefault\u00a0\u00bb desktop_text_alignment=\u00a0\u00bbdefault\u00a0\u00bb tablet_text_alignment=\u00a0\u00bbdefault\u00a0\u00bb phone_text_alignment=\u00a0\u00bbdefault\u00a0\u00bb background_color_opacity=\u00a0\u00bb1&Prime; background_hover_color_opacity=\u00a0\u00bb1&Prime; column_backdrop_filter=\u00a0\u00bbnone\u00a0\u00bb column_shadow=\u00a0\u00bbnone\u00a0\u00bb column_border_radius=\u00a0\u00bbnone\u00a0\u00bb column_link_target=\u00a0\u00bb_self\u00a0\u00bb column_position=\u00a0\u00bbdefault\u00a0\u00bb gradient_direction=\u00a0\u00bbleft_to_right\u00a0\u00bb overlay_strength=\u00a0\u00bb0.3&Prime; width=\u00a0\u00bb1\/1&Prime; tablet_width_inherit=\u00a0\u00bbdefault\u00a0\u00bb animation_type=\u00a0\u00bbdefault\u00a0\u00bb bg_image_animation=\u00a0\u00bbnone\u00a0\u00bb border_type=\u00a0\u00bbsimple\u00a0\u00bb column_border_width=\u00a0\u00bbnone\u00a0\u00bb column_border_style=\u00a0\u00bbsolid\u00a0\u00bb][vc_column_text css=\u00a0\u00bb\u00a0\u00bb text_direction=\u00a0\u00bbdefault\u00a0\u00bb]\n<h1 style=\"text-align: center;\">Mentions l\u00e9gales<\/h1>\n[\/vc_column_text][vc_column_text css=\u00a0\u00bb\u00a0\u00bb text_direction=\u00a0\u00bbdefault\u00a0\u00bb]\n<div class=\"wpb_text_column\">\n<div class=\"wpb_wrapper\">\n<h4 style=\"text-align: center;\" data-fontsize=\"18\" data-lineheight=\"24\">SAS LE VOYAGE COMMENCE ICI AU CAPITAL VARIABLE DE 1000\u20ac<\/h4>\n<hr \/>\n<p style=\"text-align: center;\">RCS Lille 942 605 833<\/p>\n<p style=\"text-align: center;\">EDITEUR :<br \/>\n18 avenue de Flandre Residence Flandre &#8211; Bat D 59170 Croix<br \/>\nlevoyagecommenceici@gmail.com<\/p>\n<hr \/>\n<h4 style=\"text-align: center;\" data-fontsize=\"18\" data-lineheight=\"24\">DIRECTEUR DE PUBLICATION :<\/h4>\n<p style=\"text-align: center;\"><a href=\"https:\/\/www.linkedin.com\/in\/sophiepagansedjai\/\">Sophie SEDJAI<\/a>\u00a0en qualit\u00e9 de directrice associ\u00e9e.<\/p>\n<hr \/>\n<h4 style=\"text-align: center;\" data-fontsize=\"18\" data-lineheight=\"24\">H\u00c9BERGEUR :<\/h4>\n<p style=\"text-align: center;\">OVH<br \/>\n2 Rue Kellermann<br \/>\n59100 Roubaix<\/p>\n<hr \/>\n<h4 style=\"text-align: center;\" data-fontsize=\"18\" data-lineheight=\"24\">INFORMATIQUE ET LIBERT\u00c9S :<\/h4>\n<p style=\"text-align: center;\">Vous disposez d\u2019un droit d\u2019acc\u00e8s, de modification, de rectification et de suppression des donn\u00e9es qui vous concernent :<br \/>\ncontactez nous \u00e0 levoyagecommenceici@gmail.com pour toute action.<\/p>\n<hr \/>\n<h4 style=\"text-align: center;\" data-fontsize=\"18\" data-lineheight=\"24\">PROPRI\u00c9T\u00c9 INTELLECTUELLE :<\/h4>\n<p style=\"text-align: center;\">L\u2019ensemble des pr\u00e9sents \u00e9l\u00e9ments (visuels et textes) ne peuvent \u00eatre ni reproduits, ni exploit\u00e9s, ni transmis, ni repr\u00e9sent\u00e9s sous quelque forme que ce soit et de quelque fa\u00e7on que ce soit sans un accord \u00e9crit et pr\u00e9alable de la soci\u00e9t\u00e9 <a href=\"https:\/\/levoyagecommenceici.com\/\">LE VOYAGE COMMENCE ICI<\/a><\/p>\n<p style=\"text-align: center;\">Les <a href=\"https:\/\/www.instagram.com\/levoyagecommence.ici\/\" target=\"_blank\" rel=\"noopener\">liens<\/a> repris sur ce site dirigeant vers d\u2019autres sites sont relev\u00e9s \u00e0 titre d\u2019information sans aucun engagement de responsabilit\u00e9 de la soci\u00e9t\u00e9 LE VOYAGE COMMENCE ICI quant aux contenus et acc\u00e8s.<\/p>\n<\/div>\n<\/div>\n[\/vc_column_text][\/vc_column][\/vc_row]\n","protected":false},"excerpt":{"rendered":"<p>[vc_row type=\u00a0\u00bbin_container\u00a0\u00bb full_screen_row_position=\u00a0\u00bbmiddle\u00a0\u00bb column_margin=\u00a0\u00bbdefault\u00a0\u00bb column_direction=\u00a0\u00bbdefault\u00a0\u00bb column_direction_tablet=\u00a0\u00bbdefault\u00a0\u00bb column_direction_phone=\u00a0\u00bbdefault\u00a0\u00bb scene_position=\u00a0\u00bbcenter\u00a0\u00bb text_color=\u00a0\u00bbdark\u00a0\u00bb text_align=\u00a0\u00bbleft\u00a0\u00bb row_border_radius=\u00a0\u00bbnone\u00a0\u00bb row_border_radius_applies=\u00a0\u00bbbg\u00a0\u00bb overflow=\u00a0\u00bbvisible\u00a0\u00bb overlay_strength=\u00a0\u00bb0.3&Prime; gradient_direction=\u00a0\u00bbleft_to_right\u00a0\u00bb shape_divider_position=\u00a0\u00bbbottom\u00a0\u00bb bg_image_animation=\u00a0\u00bbnone\u00a0\u00bb][vc_column column_padding=\u00a0\u00bbno-extra-padding\u00a0\u00bb column_padding_tablet=\u00a0\u00bbinherit\u00a0\u00bb column_padding_phone=\u00a0\u00bbinherit\u00a0\u00bb column_padding_position=\u00a0\u00bball\u00a0\u00bb column_element_direction_desktop=\u00a0\u00bbdefault\u00a0\u00bb column_element_spacing=\u00a0\u00bbdefault\u00a0\u00bb desktop_text_alignment=\u00a0\u00bbdefault\u00a0\u00bb tablet_text_alignment=\u00a0\u00bbdefault\u00a0\u00bb&#8230;<\/p>\n","protected":false},"author":3,"featured_media":0,"parent":0,"menu_order":0,"comment_status":"closed","ping_status":"closed","template":"","meta":{"inline_featured_image":false,"footnotes":""},"class_list":["post-5933","page","type-page","status-publish"],"yoast_head":"<!-- This site is optimized with the Yoast SEO plugin v27.3 - https:\/\/yoast.com\/product\/yoast-seo-wordpress\/ -->\n<title>Le Voyage Commence Ici - Mentions l\u00e9gales<\/title>\n<meta name=\"description\" content=\"Site web proposant des produits et services haut de gamme orient\u00e9s voyage, bien \u00eatre, d\u00e9veloppement personnel ... mentions l\u00e9gales de LVCI.\" \/>\n<meta name=\"robots\" content=\"index, follow, max-snippet:-1, max-image-preview:large, max-video-preview:-1\" \/>\n<link rel=\"canonical\" href=\"https:\/\/levoyagecommenceici.com\/index.php\/mentions-legales\/\" \/>\n<meta property=\"og:locale\" content=\"fr_FR\" \/>\n<meta property=\"og:type\" content=\"article\" \/>\n<meta property=\"og:title\" content=\"Le Voyage Commence Ici - Mentions l\u00e9gales\" \/>\n<meta property=\"og:description\" content=\"Site web proposant des produits et services haut de gamme orient\u00e9s voyage, bien \u00eatre, d\u00e9veloppement personnel ... mentions l\u00e9gales de LVCI.\" \/>\n<meta property=\"og:url\" content=\"https:\/\/levoyagecommenceici.com\/index.php\/mentions-legales\/\" \/>\n<meta property=\"og:site_name\" content=\"LVCI\" \/>\n<meta property=\"article:modified_time\" content=\"2025-12-13T10:39:24+00:00\" \/>\n<meta property=\"og:image\" content=\"https:\/\/levoyagecommenceici.com\/wp-content\/uploads\/2025\/05\/cropped-LVCI_logo-ref.png\" \/>\n\t<meta property=\"og:image:width\" content=\"512\" \/>\n\t<meta property=\"og:image:height\" content=\"512\" \/>\n\t<meta property=\"og:image:type\" content=\"image\/png\" \/>\n<meta name=\"twitter:card\" content=\"summary_large_image\" \/>\n<meta name=\"twitter:label1\" content=\"Dur\u00e9e de lecture estim\u00e9e\" \/>\n\t<meta name=\"twitter:data1\" content=\"1 minute\" \/>\n<script type=\"application\/ld+json\" class=\"yoast-schema-graph\">{\"@context\":\"https:\\\/\\\/schema.org\",\"@graph\":[{\"@type\":\"WebPage\",\"@id\":\"https:\\\/\\\/levoyagecommenceici.com\\\/index.php\\\/mentions-legales\\\/\",\"url\":\"https:\\\/\\\/levoyagecommenceici.com\\\/index.php\\\/mentions-legales\\\/\",\"name\":\"Le Voyage Commence Ici - Mentions l\u00e9gales\",\"isPartOf\":{\"@id\":\"https:\\\/\\\/levoyagecommenceici.com\\\/#website\"},\"datePublished\":\"2025-04-10T11:19:48+00:00\",\"dateModified\":\"2025-12-13T10:39:24+00:00\",\"description\":\"Site web proposant des produits et services haut de gamme orient\u00e9s voyage, bien \u00eatre, d\u00e9veloppement personnel ... mentions l\u00e9gales de LVCI.\",\"breadcrumb\":{\"@id\":\"https:\\\/\\\/levoyagecommenceici.com\\\/index.php\\\/mentions-legales\\\/#breadcrumb\"},\"inLanguage\":\"fr-FR\",\"potentialAction\":[{\"@type\":\"ReadAction\",\"target\":[\"https:\\\/\\\/levoyagecommenceici.com\\\/index.php\\\/mentions-legales\\\/\"]}]},{\"@type\":\"BreadcrumbList\",\"@id\":\"https:\\\/\\\/levoyagecommenceici.com\\\/index.php\\\/mentions-legales\\\/#breadcrumb\",\"itemListElement\":[{\"@type\":\"ListItem\",\"position\":1,\"name\":\"Accueil\",\"item\":\"https:\\\/\\\/levoyagecommenceici.com\\\/\"},{\"@type\":\"ListItem\",\"position\":2,\"name\":\"mentions l\u00e9gales\"}]},{\"@type\":\"WebSite\",\"@id\":\"https:\\\/\\\/levoyagecommenceici.com\\\/#website\",\"url\":\"https:\\\/\\\/levoyagecommenceici.com\\\/\",\"name\":\"LVCI\",\"description\":\"Le Voyage Commence ICI\",\"potentialAction\":[{\"@type\":\"SearchAction\",\"target\":{\"@type\":\"EntryPoint\",\"urlTemplate\":\"https:\\\/\\\/levoyagecommenceici.com\\\/?s={search_term_string}\"},\"query-input\":{\"@type\":\"PropertyValueSpecification\",\"valueRequired\":true,\"valueName\":\"search_term_string\"}}],\"inLanguage\":\"fr-FR\"}]}<\/script>\n<!-- \/ Yoast SEO plugin. -->","yoast_head_json":{"title":"Le Voyage Commence Ici - Mentions l\u00e9gales","description":"Site web proposant des produits et services haut de gamme orient\u00e9s voyage, bien \u00eatre, d\u00e9veloppement personnel ... mentions l\u00e9gales de LVCI.","robots":{"index":"index","follow":"follow","max-snippet":"max-snippet:-1","max-image-preview":"max-image-preview:large","max-video-preview":"max-video-preview:-1"},"canonical":"https:\/\/levoyagecommenceici.com\/index.php\/mentions-legales\/","og_locale":"fr_FR","og_type":"article","og_title":"Le Voyage Commence Ici - Mentions l\u00e9gales","og_description":"Site web proposant des produits et services haut de gamme orient\u00e9s voyage, bien \u00eatre, d\u00e9veloppement personnel ... mentions l\u00e9gales de LVCI.","og_url":"https:\/\/levoyagecommenceici.com\/index.php\/mentions-legales\/","og_site_name":"LVCI","article_modified_time":"2025-12-13T10:39:24+00:00","og_image":[{"width":512,"height":512,"url":"https:\/\/levoyagecommenceici.com\/wp-content\/uploads\/2025\/05\/cropped-LVCI_logo-ref.png","type":"image\/png"}],"twitter_card":"summary_large_image","twitter_misc":{"Dur\u00e9e de lecture estim\u00e9e":"1 minute"},"schema":{"@context":"https:\/\/schema.org","@graph":[{"@type":"WebPage","@id":"https:\/\/levoyagecommenceici.com\/index.php\/mentions-legales\/","url":"https:\/\/levoyagecommenceici.com\/index.php\/mentions-legales\/","name":"Le Voyage Commence Ici - Mentions l\u00e9gales","isPartOf":{"@id":"https:\/\/levoyagecommenceici.com\/#website"},"datePublished":"2025-04-10T11:19:48+00:00","dateModified":"2025-12-13T10:39:24+00:00","description":"Site web proposant des produits et services haut de gamme orient\u00e9s voyage, bien \u00eatre, d\u00e9veloppement personnel ... mentions l\u00e9gales de LVCI.","breadcrumb":{"@id":"https:\/\/levoyagecommenceici.com\/index.php\/mentions-legales\/#breadcrumb"},"inLanguage":"fr-FR","potentialAction":[{"@type":"ReadAction","target":["https:\/\/levoyagecommenceici.com\/index.php\/mentions-legales\/"]}]},{"@type":"BreadcrumbList","@id":"https:\/\/levoyagecommenceici.com\/index.php\/mentions-legales\/#breadcrumb","itemListElement":[{"@type":"ListItem","position":1,"name":"Accueil","item":"https:\/\/levoyagecommenceici.com\/"},{"@type":"ListItem","position":2,"name":"mentions l\u00e9gales"}]},{"@type":"WebSite","@id":"https:\/\/levoyagecommenceici.com\/#website","url":"https:\/\/levoyagecommenceici.com\/","name":"LVCI","description":"Le Voyage Commence ICI","potentialAction":[{"@type":"SearchAction","target":{"@type":"EntryPoint","urlTemplate":"https:\/\/levoyagecommenceici.com\/?s={search_term_string}"},"query-input":{"@type":"PropertyValueSpecification","valueRequired":true,"valueName":"search_term_string"}}],"inLanguage":"fr-FR"}]}},"jetpack_sharing_enabled":true,"_links":{"self":[{"href":"https:\/\/levoyagecommenceici.com\/index.php\/wp-json\/wp\/v2\/pages\/5933","targetHints":{"allow":["GET"]}}],"collection":[{"href":"https:\/\/levoyagecommenceici.com\/index.php\/wp-json\/wp\/v2\/pages"}],"about":[{"href":"https:\/\/levoyagecommenceici.com\/index.php\/wp-json\/wp\/v2\/types\/page"}],"author":[{"embeddable":true,"href":"https:\/\/levoyagecommenceici.com\/index.php\/wp-json\/wp\/v2\/users\/3"}],"replies":[{"embeddable":true,"href":"https:\/\/levoyagecommenceici.com\/index.php\/wp-json\/wp\/v2\/comments?post=5933"}],"version-history":[{"count":6,"href":"https:\/\/levoyagecommenceici.com\/index.php\/wp-json\/wp\/v2\/pages\/5933\/revisions"}],"predecessor-version":[{"id":6607,"href":"https:\/\/levoyagecommenceici.com\/index.php\/wp-json\/wp\/v2\/pages\/5933\/revisions\/6607"}],"wp:attachment":[{"href":"https:\/\/levoyagecommenceici.com\/index.php\/wp-json\/wp\/v2\/media?parent=5933"}],"curies":[{"name":"wp","href":"https:\/\/api.w.org\/{rel}","templated":true}]}}